divided by f?
12
Suppose 0 = -7*q + 215 + 324. Let h = q - 48. Let a = 34 - h. Calculate the remainder when 8 is divided by a.
3
Let i = -4204 + 4413. Calculate the remainder when 339 is divided by i.
130
Let d be 374/51*9/3. Suppose 4*v = 134 - d. What is the remainder when v is divided by 8?
4
Let z = -376 - -215. Let j = 275 + z. What is the remainder when j is divided by 33?
15
Calculate the remainder when (10054/(-5))/(185*13/(-325) - -7) is divided by 129.
125
Let h = -148 - -146. Suppose -2*q = 3*q - 250. What is the remainder when q is divided by (h*6/24)/(1/(-26))?
11
Suppose -l + 31 = l + 5*k, -27 = -4*l - 3*k. Suppose l*b - 290 = -2*b. Let v = -225 + 235. Calculate the remainder when b is divided by v.
8
Let q(r) = 7*r**2 - 27*r + 28. Let d(j) = -6*j**2 + 26*j - 29. Let v(l) = 6*d(l) + 5*q(l). What is the remainder when 38 is divided by v(19)?
2
Let g(f) = f**2 + 2*f + 1. Let x(j) = 2*j**2 + 10*j - 26. Let r = 271 - 268. Calculate the remainder when x(r) is divided by g(2).
4
Let k = 1996 + -400. Suppose -35*u - 7*u + k = 0. What is the remainder when u is divided by 29?
9
Suppose -4977 - 3663 = -96*m. Calculate the remainder when 212 is divided by m.
32
Let m = -2 + -136. Let f = -82 - m. What is the remainder when f is divided by 30?
26
Let n(z) = -z**3 - 4*z**2 + 5*z + 7. Suppose 850 = -63*w + 88*w. Calculate the remainder when w is divided by n(0).
6
Suppose j - 4*j + 2*o - 14 = 0, 0 = -3*j + 3*o - 15. What is the remainder when (-100)/20 - j*14 is divided by 13?
12
Suppose 3*g - 5*g - 5*t = -24, -t = -2*g. Let i = -428 - -430. Suppose -2*l - 3*b = -0*l - 33, g*l - i*b = 18. Calculate the remainder when 53 is divided by l.
5
Let i(a) = -219*a - 1916. Calculate the remainder when 988 is divided by i(-9).
53
What is the remainder when 100 is divided by 78 - (-165)/(-11) - -4?
33
Suppose 39021 = 247*y + 2410 - 4638. Calculate the remainder when 4174 is divided by y.
166
Suppose 22*y = -9*y + 29870 + 100020. Calculate the remainder when y is divided by 233.
229
Suppose 7 + 5 = 6*g, 2*z = 3*g + 8. Calculate the remainder when 35 is divided by z.
0
Let w = 3078 - 3033. Calculate the remainder when 206 is divided by w.
26
Let l(y) = 14*y - 6. Let d be 5 - 0/((-2)/(-2)). Suppose 63*n + 9092 = 266*n + 2393. Calculate the remainder when l(d) is divided by n.
31
Let x(i) = 660*i - 19. Let a be x(5). Suppose 2*h - a = -15*h. Calculate the remainder when h is divided by 66.
61
Let x(v) = 3*v - 11. Let b be x(8). Let g(o) be the third derivative of o**4/4 - 4*o**2 + 11*o. What is the remainder when g(b) is divided by 27?
24
Suppose -4*k = -2*k - 42. Let y = -2 + 1. Calculate the remainder when k is divided by (-19)/(-3) + y/3.
3
Let u = 13570 + -13362. Calculate the remainder when 18094 is divided by u.
206
Suppose 9965 = 13*n - 3*u, 3*u + 3277 = 4*n + 215. What is the remainder when n is divided by 24?
23
Calculate the remainder when 2617 is divided by (-96)/(-1) + 9 - 0/(-1).
97
Let s be (42/28)/(2/(-12)). What is the remainder when 20 is divided by (s - (-6 + 2)) + (13 - 5)?
2
Suppose -220 = 270*s - 274*s. What is the remainder when s is divided by 14?
13
Let t(r) = -46*r + 2298. What is the remainder when t(-49) is divided by 11?
9
Let w = -380 - -428. Suppose -w*d - 117 = -51*d. Suppose -4*v - 15 = -7*v. What is the remainder when d is divided by v?
4
Suppose q - 2 - 3 = 0. Suppose -4*j + 11 = -q, 3*j = -4*m + 144. Let w(n) = 3*n + 30. Calculate the remainder when m is divided by w(-7).
6
Let r = 20 + -191. Let k = -118 - r. Calculate the remainder when k is divided by 13 + (2/(-1) - 1).
3
Suppose -v + 278 = -3*s - 0*s, 4*v = -3*s + 1127. What is the remainder when v is divided by 97?
87
Let t(g) = 4*g - 30. Let b(z) = 2*z**2 + 2*z - 12. Let x be b(-4). What is the remainder when t(x) is divided by 12?
6
Let s be (0 - 5)*(-2)/5. Suppose 3*o - s*q + 0*q - 172 = 0, 5*o = 3*q + 288. Calculate the remainder when o is divided by (-21)/(-14)*2*3.
6
Suppose -232 - 98 = -22*i. What is the remainder when 176 is divided by -1 + (-64)/(-3) + (-5)/i?
16
Let t(c) = 3 - 3*c + 4 - 6 - 2*c - c**2. Let g be t(-5). Calculate the remainder when 134 is divided by 4 + 45/g + -4.
44
Let l be (-5)/4*(-192)/80. Suppose p + 5*r - 28 = 0, r + 2*r = -l. Calculate the remainder when p is divided by 5.
3
Let z be 2/8 - (-7)/(-28). Suppose z*b = b + q - 13, q + 15 = b. What is the remainder when 22 is divided by b?
8
Suppose 7*q + 5 = -205. Let k = -11 - q. Suppose 2*p = 2*w - 34, 5*p + 73 = 2*w + 2*w. Calculate the remainder when k is divided by w.
7
Calculate the remainder when (-237 - 6)/(-3) + 11 is divided by 31.
30
Let c = -1687 - -2035. What is the remainder when c is divided by 26?
10
Let w be ((-1)/1)/((-22)/(-6) - 4). Suppose 0 = -3*g - 9, w*k - 6*g = -2*g + 111. What is the remainder when 98/(2 - 3 - -2) is divided by k?
32
Suppose -319*z = -318*z + 3, -98 = -i - 6*z. Calculate the remainder when i is divided by 8.
4
Let u(g) = -6*g**2 + 17*g**2 + 159 - 3*g - 161 + 2*g. Suppose 4*o - 5*o + 5 = 0. Calculate the remainder when u(-1) is divided by o.
0
Let x = -190 + 194. Suppose t - 78 = 4*v + 83, x*v = 0. Calculate the remainder when t is divided by 22.
7
Let i(m) be the second derivative of -m**5/20 - m**4/6 + 56*m**3/3 - 15*m**2/2 + 91*m. What is the remainder when i(-12) is divided by 11?
4
Let w(h) = 3*h**2 - 18*h - 494. Calculate the remainder when w(17) is divided by 53.
14
Let o(a) = -28*a + 92. Let f(w) = 3*w + 33. Let s be f(-10). Calculate the remainder when 62 is divided by o(s).
6
Let f(p) = 2*p**2 - 3*p - 19. Calculate the remainder when f(-8) is divided by (4 - 35/(-9)) + 1/9.
5
Let l be (12/54)/(-1) - (-140)/(-18). Suppose 4*s + 3*q - 69 = 0, -4*s + 3*q + 77 - 26 = 0. What is the remainder when (978/l)/(-3) - 39/52 is divided by s?
10
Suppose 3*c - i - 110 + 32 = 0, -3*c + 87 = -2*i. What is the remainder when 30313 is divided by c?
22
Let v = 4 + 2. Let x(y) = 254*y**3 - 8*y - 7*y**2 - 131*y**3 - 124*y**3 + 8. Calculate the remainder when x(-6) is divided by v.
2
Suppose -5*g + 3*w = -197, -w + 34 + 36 = 2*g. Calculate the remainder when 204 is divided by g.
19
Suppose 508*z - 510*z = -3*r + 52, 3*z = -3*r + 72. Suppose 79 = f + 3*l - 150, 4*f - 876 = -2*l. What is the remainder when f is divided by r?
17
Let q(k) = 2*k**2 - k - 1. Let i be q(2). What is the remainder when 60 is divided by i + -2*1/3*-3?
4
Let f = 2080 + -2070. What is the remainder when 1788 is divided by f?
8
Let q(h) = 16*h - 2. Suppose -2*n + 3*g = -1303, -1305 = -2*n + 3*g - 2*g. Suppose 465 = 43*i - n. What is the remainder when q(6) is divided by i?
16
Calculate the remainder when 415 is divided by (2/(-8)*1)/(251/(-68272)).
7
Suppose -164 = 79*p - 81*p. Let q = -65 + p. What is the remainder when 52 is divided by q?
1
Let x(a) = 3*a + 1. Let h be x(-3). Let f(q) = 30*q**2 - 72*q + 7. What is the remainder when f(3) is divided by 1/(-4) + (-250)/h?
30
Let t(x) = x**3 - 9*x**2 + 15*x + 6. Suppose -4*i + 2428 = 4*a, 8*a - 5*a = -9. Calculate the remainder when i is divided by t(7).
12
Suppose -98*f + 78*f = -14420. Let x = -697 + f. Suppose -2*n = -5*y - 227 + 60, 5*n - 464 = -3*y. Calculate the remainder when n is divided by x.
19
Let x = -35 + 109. Let u = x - 70. Calculate the remainder when 15 is divided by u.
3
Suppose 5*y = 2*d + 850, 566*d - 571*d = 2*y - 311. Calculate the remainder when 525 is divided by y.
21
Suppose -5*k - i = -76, -k = -5*i + 9*i - 19. What is the remainder when 32 - (-4)/(20/k) is divided by 2?
1
Let k(s) = 3*s + 6. Let c be k(-13). Let r = c - -35. Suppose -4*p - r*p = -84. Calculate the remainder when 41 is divided by p.
13
Suppose -b = -2*y - 3, -b = -0*b - y - 5. Let u(q) = q**2 + 74*q + 1382. What is the remainder when u(-36) is divided by b?
0
Suppose 5*r = 5*v - 7*v + 65, v - 22 = r. Let q = 192 + -181. Calculate the remainder when 1*(0 + 3) + v + -10 is divided by q.
7
Suppose -3*f = -0*f - 5*u + 23, -u = -f - 7. Let k(z) = -12*z - 11 + 0*z**2 - 3*z**2 + 2*z**2. What is the remainder when 124 is divided by k(f)?
24
Calculate the remainder when (84/16)/3 - 118911/(-12) is divided by 12.
11
Suppose -9*p + 110 = p. Suppose p*v = 7*v + 12. Suppose -10 = -y - 4*y - v*d, -5*d - 40 = -3*y. Calculate the remainder when 39 is divided by